35)?
4
Suppose -4*k - 4*g + 38 = -2*k, -5*k - 3*g = -88. Let d = 13 - k. What is the units digit of 5/(-1 + (-2 - d))?
5
Let m be (441/(-14) + 1)/(1/4). What is the tens digit of m/(-2) + 5 + -3?
6
Let s(q) be the second derivative of -2*q**3/3 - 3*q**2/2 + 5*q. Let x be s(-2). Suppose 59 = x*d + 2*j - 11, -j = 4*d - 56. What is the units digit of d?
4
Let m(u) be the second derivative of 6*u + 11/2*u**2 + 3/2*u**3 + 1/12*u**4 + 0. What is the units digit of m(-10)?
1
Suppose -4*i = u - 412, 0 = -2*u + 4*u. Suppose 107 = 3*c - i. What is the tens digit of c?
7
Suppose 4*u - 5*g - 1856 = 0, -5*g = -0*u - 5*u + 2325. What is the units digit of u?
9
Suppose 31*u + 1212 = 37*u. What is the units digit of u?
2
Let v(p) = -p**2 + 21*p + 33. Let x be v(16). Suppose -n - 2*f = -44, -n - f - x = -3*n. What is the tens digit of n?
5
Suppose 0 = 4*w + 9 + 15. Let y be 3*((-16)/w + -1). Suppose -y*z + b + 140 = 0, z - b = -5*b + 28. What is the units digit of z?
8
Let l = -12 - -142. Let c = l - 29. What is the units digit of c?
1
Suppose -47*x + 30251 + 2179 = 0. What is the tens digit of x?
9
Let v(r) be the second derivative of r**3/2 + 35*r**2/2 + 17*r. What is the tens digit of v(-8)?
1
Let w(h) = -h**2 - 12*h - 21. Let f be w(-15). What is the tens digit of 109*1 - f/(-22)?
0
Let f(x) = x**3 - 4*x**2 + 2*x + 4. Let z be f(3). Let k be z - (-4 - (-1 + -6)). What is the tens digit of (-3)/6*k*11?
1
Suppose 26*y - 2082 = 32*y. Let x = -165 - y. What is the units digit of x?
2
Suppose 4*k - y + 5 = 0, 0 = k + 3*k - 4*y + 20. Let a be (1 - 2)*(k - -3). Let l = 12 - a. What is the tens digit of l?
1
Suppose 2 = -p - 5. Let d be p/14 + 98/4. Let u = d - 23. What is the units digit of u?
1
Let l(u) = -2*u + 2. Suppose -i + 5*k = -3, 0*i - 4*i = -2*k - 12. Let h(q) = -2*q**2 + 4*q + 3. Let s be h(i). What is the units digit of l(s)?
8
Let m be ((-10)/4)/((-5)/(-20)). Let v be m/(-3)*270/25. Let g = v - 21. What is the tens digit of g?
1
What is the units digit of 12*(-3)/(-24)*424/6?
6
Let h = 49 - 43. Let k(l) = 3*l + 13. What is the units digit of k(h)?
1
Suppose -4*i + 56 = -4*j, -2*j = -j + 5*i + 44. Let g = j - -25. Suppose -3*b + g = 0, 2*b - 1 - 4 = -c. What is the units digit of c?
1
Let a be (-14157)/(-63) - (-4)/14. Suppose 0 = -l + 6*l + z - a, -4*l + 171 = -z. What is the tens digit of l?
4
Let n = -185 - -108. Let t = -12 - n. Let y = -39 + t. What is the units digit of y?
6
Let f = -11 - -16. Suppose f = 5*r - 5. Suppose 0 = -r*x + x + 11. What is the tens digit of x?
1
Let f(p) = -p - 21. Let h be f(-17). Let z(d) = -d**3 - 7*d - 6. What is the tens digit of z(h)?
8
Let a(o) = -o**2 - 7*o + 10. Let t be a(-8). Let i(k) = k + 1. Let z be i(t). Suppose 73 = 3*b - 8*n + z*n, -2 = n. What is the units digit of b?
1
Suppose 7 = -r + 4*i, 2*i + 1 = -0*r + 5*r. What is the units digit of (r - -124) + 6*1/2?
8
Let n(t) = t**3 - 4*t**2 - 2*t + 7. Let w(c) = -2*c - 9. Let x be w(-7). What is the units digit of n(x)?
2
Let l(x) = -86*x - 1. Let z be l(-1). Suppose -3*k = -z - 308. Let y = -94 + k. What is the units digit of y?
7
Suppose -5*t - 1523 - 440 = -c, 5*c = -t + 9763. What is the hundreds digit of c?
9
Let s = -3338 - -4685. What is the thousands digit of s?
1
Let i(o) = 3*o**2 - 10*o - 36. What is the tens digit of i(7)?
4
Let j = 682 - 191. What is the units digit of j?
1
Suppose 0*k + 36 = 4*k. Let c = k - 8. Suppose -g + c = -27. What is the units digit of g?
8
Let q(t) be the third derivative of -t**6/120 - 17*t**5/60 - 17*t**4/24 + t**3/6 - 6*t**2. What is the units digit of q(-16)?
7
Suppose r + 5*t + 38 = 0, 5*r + 160 = 3*t + 2*t. Let s = 50 + r. Suppose -2*c + 105 = -s. What is the units digit of c?
1
Let d = -4168 + 6394. What is the tens digit of d?
2
What is the hundreds digit of (82 + 14)/(1/2)?
1
Suppose -v + 3*k = -3370, 4*v + 388*k - 385*k = 13510. What is the tens digit of v?
7
Suppose -2 = -2*r + 8, 5*f + 55 = r. Let o be (-6 + 0)*f/20. Suppose -o*h + 121 = -2*a, 0 = -5*h + 5*a + 140 + 55. What is the tens digit of h?
4
What is the hundreds digit of (0 + 0 - 0) + 13 + 873?
8
Let c be (-7)/(-21) + ((-1148)/6)/(-2). Let g = 52 + c. What is the hundreds digit of g?
1
Suppose -2*q + 10 = 4*a, a + 3*q - 11 = -3*a. Let w be (-1 - -138) + (1 - (3 + 0)). Suppose 3*u + a*u = w. What is the tens digit of u?
2
Let g(w) = -w. Let u(f) = 1. Let z(n) = -3*g(n) + u(n). Let i be z(3). Let v(h) = 4*h - 15. What is the tens digit of v(i)?
2
Let j(w) = -36*w + 147. What is the thousands digit of j(-31)?
1
Suppose -12 - 8 = -4*b. Suppose 2 = 4*x - 2, -17 = 3*u - b*x. What is the units digit of u/(-2 - -1) - 1?
3
Let l be -2 + -2 + 1 - -3. Suppose 2*p + 0*p - 5*j - 695 = l, -2*p + 685 = -3*j. Suppose 73 = 6*v - p. What is the tens digit of v?
6
Let y = -10 + -20. Let n be y/(-4) - 2/4. Let u = n + 17. What is the tens digit of u?
2
Let u be 10/4 - (-4)/8. Suppose -u*m = -3*f + 192, 91 - 392 = -4*f - 5*m. What is the units digit of f?
9
Let f = 4615 + -3064. What is the tens digit of f?
5
Let a(i) = -4*i + i - 4*i + 2*i - i**2. Let o be a(-6). What is the units digit of (-14 + -7)*2/o?
7
Let r(h) = -25*h - 5. Let j be r(-2). Let i be (0 + 3 - -13)*-1. Let q = i + j. What is the tens digit of q?
2
Let o(b) = 3*b**2 + 26*b - 34. What is the tens digit of o(-13)?
3
Let j(x) = x**2. Let o be j(0). Let p = 9 - o. What is the units digit of (132/p)/(4/6)?
2
What is the hundreds digit of (-2 - 1872/40)*-55?
6
Suppose 0 = -17*c + 26887 + 33752. What is the hundreds digit of c?
5
Let p = 60 - 49. Suppose p*u - 14*u = -90. What is the tens digit of u?
3
Let q(z) = 242*z + 8. Let c(p) = p + 8. Let x be c(-7). What is the hundreds digit of q(x)?
2
Suppose 0 = -n - 4 - 7. Let k = n + 16. Suppose k*r = r + 148. What is the units digit of r?
7
Let q(d) = d**3 + 9*d**2 - 15*d - 6. Suppose 5 = c + 15. What is the tens digit of q(c)?
4
Let f be 2 + 7/(-4) + 136/(-32). Let z(a) = -12*a - 16. What is the tens digit of z(f)?
3
Suppose -l - 6*f = -3*f - 63, 2*f = -2*l + 106. Suppose 4*d - 184 = l. What is the units digit of d?
8
Suppose 3*q = 43 + 56. Suppose 4*v + 43 = 5*g, 5*g = 3*v + 2*g + q. Let f = 14 + v. What is the units digit of f?
2
Suppose 0*t + 4*t = 0. Let m be (1 - -1)*(t - -1). Suppose -p - p + 62 = -5*l, -p + m*l = -33. What is the units digit of p?
1
Let j be 221/5 + 22/(-110). Let i = j - 12. What is the units digit of (-39 + 0)/((-48)/i)?
6
Let t = 19 - 9. What is the units digit of 3/2 - (-385)/t?
0
Suppose -z + 99 + 0 = 0. What is the units digit of z?
9
Let n be (-1)/(-2) + (-7)/14. Suppose -496 = -4*m - n*m. Suppose -4*k + l + m = -3*l, 0 = 4*l - 4. What is the units digit of k?
2
Suppose 0 = 5*a - 8*a + 6. Suppose a*q = -8*q + 270. What is the tens digit of q?
2
Suppose -2 = -a, 64 = u - a - 11. Suppose 156 = 2*v - 4*g, -5*v = 5*g - 298 - u. What is the tens digit of v?
7
Let z(n) be the third derivative of 11*n**4/24 + 3*n**3/2 + 2*n**2. What is the tens digit of z(2)?
3
Let n = -71 + 73. Suppose -n*u = -3*m + 949, 0*u = -m - 2*u + 327. What is the hundreds digit of m?
3
Let y = -845 - -537. What is the tens digit of (9/6)/((-6)/y)?
7
Let g = 2062 + -1112. What is the tens digit of g?
5
Let z be 4/34 - 15460/(-85). Suppose 0 = -2*u - 4*h + 650 - z, 2*u - 448 = h. What is the tens digit of u?
2
Let s = 2330 + -490. What is the units digit of s?
0
Let u(w) = w**2 - 9*w + 8. Let y be u(8). Let p(h) = -2*h + 19. Let k be p(y). Suppose -b + 0*b + k = 0. What is the tens digit of b?
1
Let b = 17 - 31. Let z be (4/2 - b) + 2. Let c = z + 4. What is the tens digit of c?
2
Let u(n) = n**2 - 7*n + 9. Let j be u(6). Let r(x) be the first derivative of x**2 - x + 6. What is the units digit of r(j)?
5
What is the tens digit of -2*(-2629)/(-66)*(-1 + -8)?
1
Let n = -13 + 16. Suppose -4*y + 6 = -5*r + 16, 5*r - n*y = 15. Suppose 143 = r*h + 53. What is the tens digit of h?
1
Let n(i) = i**2 - i + 11. Let p be n(0). Let q = p + -6. Suppose -3*s + 90 = 4*d - d, -3*s - q*d = -90. What is the tens digit of s?
3
Let d(m) = 83*m**3 - 3*m**2 - 3*m - 1. Let z be d(-1). What is the tens digit of (-3)/((-10)/15 - 38/z)?
1
Suppose b - 5*x = 7, -23 = 5*x - 3. Let q = b - 4. Let t = q - -36. What is the units digit of t?
9
Suppose 0 = 5*j - h - 5262, 4*h + 5792 = 5*j +